{"id":506,"date":"2020-08-23T02:33:45","date_gmt":"2020-08-23T02:33:45","guid":{"rendered":"https:\/\/www.trimsalonannalies.nl\/index.php\/home\/"},"modified":"2024-05-22T13:33:04","modified_gmt":"2024-05-22T13:33:04","slug":"home","status":"publish","type":"page","link":"https:\/\/www.trimsalonannalies.nl\/","title":{"rendered":"Home"},"content":{"rendered":"\n<div class=\"wp-block-uagb-container uagb-block-1d21a653 alignfull uagb-is-root-container\"><div class=\"uagb-container-inner-blocks-wrap\"><\/div><\/div>\n\n\n\n<div class=\"wp-block-uagb-container uagb-block-63fd75a9 alignfull uagb-is-root-container\"><div class=\"uagb-container-inner-blocks-wrap\"><\/div><\/div>\n\n\n\n<div class=\"wp-block-uagb-container uagb-block-6a48bf9f alignfull uagb-is-root-container\"><div class=\"uagb-container-inner-blocks-wrap\">\n<figure class=\"wp-block-image size-large is-resized\"><img loading=\"lazy\" decoding=\"async\" width=\"1024\" height=\"388\" src=\"https:\/\/www.trimsalonannalies.nl\/wp-content\/uploads\/2024\/03\/Pagina_1-laag-1024x388.png\" alt=\"\" class=\"wp-image-1178\" style=\"width:1020px;height:auto\" srcset=\"https:\/\/www.trimsalonannalies.nl\/wp-content\/uploads\/2024\/03\/Pagina_1-laag-1024x388.png 1024w, https:\/\/www.trimsalonannalies.nl\/wp-content\/uploads\/2024\/03\/Pagina_1-laag-300x114.png 300w, https:\/\/www.trimsalonannalies.nl\/wp-content\/uploads\/2024\/03\/Pagina_1-laag-768x291.png 768w, https:\/\/www.trimsalonannalies.nl\/wp-content\/uploads\/2024\/03\/Pagina_1-laag.png 1280w\" sizes=\"auto, (max-width: 1024px) 100vw, 1024px\" \/><\/figure>\n<\/div><\/div>\n\n\n\n<div class=\"wp-block-uagb-container uagb-block-a173f403 alignfull uagb-is-root-container\"><div class=\"uagb-container-inner-blocks-wrap\">\n<div class=\"wp-block-uagb-container uagb-block-1c2d2424\">\n<div class=\"wp-block-uagb-separator uagb-block-81127447\"><div class=\"wp-block-uagb-separator__inner\" style=\"--my-background-image:\"><\/div><\/div>\n<\/div>\n<\/div><\/div>\n\n\n\n<div class=\"wp-block-uagb-container uagb-block-61aed12c alignfull uagb-is-root-container\"><div class=\"uagb-container-inner-blocks-wrap\">\n<div class=\"wp-block-uagb-container uagb-block-67cf2abc\">\n<div class=\"wp-block-uagb-container uagb-block-2202dd96\">\n<div class=\"wp-block-uagb-container uagb-block-b806e8f0\">\n<div class=\"wp-block-uagb-container uagb-block-fb2abcc0\">\n<div class=\"wp-block-uagb-container uagb-block-c5a27872\">\n<div class=\"wp-block-uagb-container uagb-block-9e8dc518\">\n<div class=\"wp-block-columns is-layout-flex wp-container-core-columns-is-layout-28f84493 wp-block-columns-is-layout-flex\">\n<div class=\"wp-block-column is-layout-flow wp-block-column-is-layout-flow\" style=\"flex-basis:33.33%\">\n<div class=\"wp-block-uagb-image uagb-block-4e5ae18f wp-block-uagb-image--layout-default wp-block-uagb-image--effect-static wp-block-uagb-image--align-none\"><figure class=\"wp-block-uagb-image__figure\"><img decoding=\"async\" srcset=\"https:\/\/www.trimsalonannalies.nl\/wp-content\/uploads\/2024\/05\/Annalies_Mila_Beau-875x1024.jpg ,https:\/\/www.trimsalonannalies.nl\/wp-content\/uploads\/2024\/05\/Annalies_Mila_Beau.jpg 780w, https:\/\/www.trimsalonannalies.nl\/wp-content\/uploads\/2024\/05\/Annalies_Mila_Beau.jpg 360w\" sizes=\"auto, (max-width: 480px) 150px\" src=\"https:\/\/www.trimsalonannalies.nl\/wp-content\/uploads\/2024\/05\/Annalies_Mila_Beau-875x1024.jpg\" alt=\"\" class=\"uag-image-1576\" width=\"875\" height=\"1024\" title=\"Annalies_Mila_Beau\" loading=\"lazy\" role=\"img\"\/><\/figure><\/div>\n<\/div>\n\n\n\n<div class=\"wp-block-column is-layout-flow wp-block-column-is-layout-flow\" style=\"flex-basis:66.66%\">\n<p class=\"has-medium-font-size\">Ik ben Annalies van Bennekom en heb in 2023 mijn erkende diploma voor hondentrimster behaald. In december 2023 heb ik mijn eigen &#8220;Trimsalon Annalies&#8221; geopend en met plezier verwelkom ik uw dierbare huisdier. In mijn prachtige salon werk ik \u00e9\u00e9n op \u00e9\u00e9n, zodat ik alle tijd en aandacht heb voor uw hond. In mijn salon is geen bench aanwezig, zodat uw hond tussendoor en na de trimbehandeling rustig rond kan snuffelen.<br><br>Voor elke hond is er een trimbehandeling mogelijk, aangepast aan de vachtsoort van de hond en aan uw wensen. Afhankelijk van uw wensen en het soort vacht van uw hond kunt u kiezen voor een complete trimbeurt, zoals ontwollen, knippen, effileren, scheren of plukken. Alleen een borstelbeurt, wassen en f\u00f6hnen van de vacht of nagels knippen is ook mogelijk. De tevredenheid van u als klant en vooral het welzijn van uw hond staat bij mij altijd bovenaan.<br><br>Heeft u na het bezoeken van deze website nog vragen of wilt u meer informatie dan mag u natuurlijk altijd vrijblijvend bellen of bij mij langskomen.<\/p>\n<\/div>\n<\/div>\n<\/div>\n<\/div>\n<\/div>\n<\/div>\n<\/div>\n<\/div>\n\n\n\n<div class=\"wp-block-uagb-container uagb-block-302c2db6\">\n<div class=\"wp-block-uagb-separator uagb-block-faf4155f\"><div class=\"wp-block-uagb-separator__inner\" style=\"--my-background-image:\"><\/div><\/div>\n<\/div>\n\n\n\n<div class=\"wp-block-uagb-container uagb-block-a1ed547f\">\n<div class=\"wp-block-uagb-container uagb-block-452fec3f\">\n<div class=\"wp-block-uagb-container uagb-block-a0b3091f\">\n<div class=\"wp-block-columns is-layout-flex wp-container-core-columns-is-layout-28f84493 wp-block-columns-is-layout-flex\">\n<div class=\"wp-block-column has-ast-global-color-4-background-color has-background is-layout-flow wp-block-column-is-layout-flow\">\n<div class=\"wp-block-uagb-container uagb-block-e31c172e\">\n<div class=\"wp-block-uagb-container uagb-block-e8e17898\">\n<div class=\"wp-block-uagb-container uagb-block-ac91b06b\">\n<div class=\"wp-block-uagb-info-box uagb-block-95211a09 uagb-infobox__content-wrap  uagb-infobox-icon-above-title uagb-infobox-image-valign-top\"><div class=\"uagb-ifb-content\"><div class=\"uagb-ifb-title-wrap\"><h3 class=\"uagb-ifb-title\">Trimbehandelingen<\/h3><\/div><p class=\"uagb-ifb-desc\"><br>Het ontwollen, knippen, effileren, scheren en plukken van de vacht zijn allen diverse trimbehandelingen. Welke trimbehandeling toegepast wordt bij uw hond is afhankelijk van het ras en van uw wensen.<br><br><br><\/p><\/div><\/div>\n<\/div>\n<\/div>\n<\/div>\n<\/div>\n\n\n\n<div class=\"wp-block-column has-ast-global-color-4-background-color has-background is-layout-flow wp-block-column-is-layout-flow\">\n<div class=\"wp-block-uagb-container uagb-block-d22f1421\">\n<div class=\"wp-block-uagb-info-box uagb-block-cfd18394 uagb-infobox__content-wrap  uagb-infobox-icon-above-title uagb-infobox-image-valign-top\"><div class=\"uagb-ifb-content\"><div class=\"uagb-ifb-title-wrap\"><h3 class=\"uagb-ifb-title\">Puppy wenbeurt<\/h3><\/div><p class=\"uagb-ifb-desc\"><br>Heeft u een pup? U bent van harte welkom voor een puppy wenmomentje. Tijdens dit wenmomentje kan de pup rustig rondlopen, kennis maken met de trimtafel en natuurlijk kennis maken met mij, zodat de pup een vertrouwd gevoel krijgt. Belangrijk is wel dat uw pup eerst alle inentingen heeft gehad voor u met hem\/haar naar de salon komt.<\/p><\/div><\/div>\n<\/div>\n<\/div>\n\n\n\n<div class=\"wp-block-column has-ast-global-color-4-background-color has-background is-layout-flow wp-block-column-is-layout-flow\">\n<div class=\"wp-block-uagb-container uagb-block-f395e94a\">\n<div class=\"wp-block-uagb-info-box uagb-block-989ea6e5 uagb-infobox__content-wrap  uagb-infobox-icon-above-title uagb-infobox-image-valign-top\"><div class=\"uagb-ifb-content\"><div class=\"uagb-ifb-title-wrap\"><h3 class=\"uagb-ifb-title\">Mijn werkwijze<\/h3><\/div><p class=\"uagb-ifb-desc\"><br>In mijn prachtige salon werk ik \u00e9\u00e9n op \u00e9\u00e9n, zodat ik alle tijd en aandacht heb voor uw hond. In mijn salon is geen bench aanwezig, zodat uw hond tussendoor en na de trimbehandeling rustig rond kan snuffelen.<br><br><br><\/p><\/div><\/div>\n<\/div>\n<\/div>\n<\/div>\n<\/div>\n<\/div>\n<\/div>\n\n\n\n<div class=\"wp-block-uagb-container uagb-block-e7f015cf\">\n<div class=\"wp-block-uagb-container uagb-block-cb3d3d62\">\n<div class=\"wp-block-uagb-separator uagb-block-5a9d0bc6\"><div class=\"wp-block-uagb-separator__inner\" style=\"--my-background-image:\"><\/div><\/div>\n<\/div>\n<\/div>\n<\/div><\/div>\n\n\n\n<p><\/p>\n","protected":false},"excerpt":{"rendered":"<p>Ik ben Annalies van Bennekom en heb in 2023 mijn erkende diploma voor hondentrimster behaald. In december 2023 heb ik mijn eigen &#8220;Trimsalon Annalies&#8221; geopend en met plezier verwelkom ik uw dierbare huisdier. In mijn prachtige salon werk ik \u00e9\u00e9n op \u00e9\u00e9n, zodat ik alle tijd en aandacht heb voor uw hond. In mijn salon [&hellip;]<\/p>\n","protected":false},"author":1,"featured_media":0,"parent":0,"menu_order":0,"comment_status":"closed","ping_status":"closed","template":"","meta":{"_uag_custom_page_level_css":"","site-sidebar-layout":"no-sidebar","site-content-layout":"page-builder","ast-site-content-layout":"full-width-container","site-content-style":"boxed","site-sidebar-style":"unboxed","ast-global-header-display":"","ast-banner-title-visibility":"","ast-main-header-display":"","ast-hfb-above-header-display":"","ast-hfb-below-header-display":"","ast-hfb-mobile-header-display":"","site-post-title":"disabled","ast-breadcrumbs-content":"","ast-featured-img":"disabled","footer-sml-layout":"","theme-transparent-header-meta":"enabled","adv-header-id-meta":"","stick-header-meta":"","header-above-stick-meta":"","header-main-stick-meta":"","header-below-stick-meta":"","astra-migrate-meta-layouts":"set","ast-page-background-enabled":"default","ast-page-background-meta":{"desktop":{"background-color":"","background-image":"","background-repeat":"repeat","background-position":"center center","background-size":"auto","background-attachment":"scroll","background-type":"","background-media":"","overlay-type":"","overlay-color":"","overlay-gradient":""},"tablet":{"background-color":"","background-image":"","background-repeat":"repeat","background-position":"center center","background-size":"auto","background-attachment":"scroll","background-type":"","background-media":"","overlay-type":"","overlay-color":"","overlay-gradient":""},"mobile":{"background-color":"","background-image":"","background-repeat":"repeat","background-position":"center center","background-size":"auto","background-attachment":"scroll","background-type":"","background-media":"","overlay-type":"","overlay-color":"","overlay-gradient":""}},"ast-content-background-meta":{"desktop":{"background-color":"var(--ast-global-color-5)","background-image":"","background-repeat":"repeat","background-position":"center center","background-size":"auto","background-attachment":"scroll","background-type":"","background-media":"","overlay-type":"","overlay-color":"","overlay-gradient":""},"tablet":{"background-color":"var(--ast-global-color-5)","background-image":"","background-repeat":"repeat","background-position":"center center","background-size":"auto","background-attachment":"scroll","background-type":"","background-media":"","overlay-type":"","overlay-color":"","overlay-gradient":""},"mobile":{"background-color":"var(--ast-global-color-5)","background-image":"","background-repeat":"repeat","background-position":"center center","background-size":"auto","background-attachment":"scroll","background-type":"","background-media":"","overlay-type":"","overlay-color":"","overlay-gradient":""}},"footnotes":""},"class_list":["post-506","page","type-page","status-publish","hentry"],"uagb_featured_image_src":{"full":false,"thumbnail":false,"medium":false,"medium_large":false,"large":false,"1536x1536":false,"2048x2048":false},"uagb_author_info":{"display_name":"admin","author_link":"https:\/\/www.trimsalonannalies.nl\/index.php\/author\/infotrimsalonannalies-nl\/"},"uagb_comment_info":0,"uagb_excerpt":"Ik ben Annalies van Bennekom en heb in 2023 mijn erkende diploma voor hondentrimster behaald. In december 2023 heb ik mijn eigen &#8220;Trimsalon Annalies&#8221; geopend en met plezier verwelkom ik uw dierbare huisdier. In mijn prachtige salon werk ik \u00e9\u00e9n op \u00e9\u00e9n, zodat ik alle tijd en aandacht heb voor uw hond. In mijn salon&hellip;","_links":{"self":[{"href":"https:\/\/www.trimsalonannalies.nl\/index.php\/wp-json\/wp\/v2\/pages\/506","targetHints":{"allow":["GET"]}}],"collection":[{"href":"https:\/\/www.trimsalonannalies.nl\/index.php\/wp-json\/wp\/v2\/pages"}],"about":[{"href":"https:\/\/www.trimsalonannalies.nl\/index.php\/wp-json\/wp\/v2\/types\/page"}],"author":[{"embeddable":true,"href":"https:\/\/www.trimsalonannalies.nl\/index.php\/wp-json\/wp\/v2\/users\/1"}],"replies":[{"embeddable":true,"href":"https:\/\/www.trimsalonannalies.nl\/index.php\/wp-json\/wp\/v2\/comments?post=506"}],"version-history":[{"count":32,"href":"https:\/\/www.trimsalonannalies.nl\/index.php\/wp-json\/wp\/v2\/pages\/506\/revisions"}],"predecessor-version":[{"id":1578,"href":"https:\/\/www.trimsalonannalies.nl\/index.php\/wp-json\/wp\/v2\/pages\/506\/revisions\/1578"}],"wp:attachment":[{"href":"https:\/\/www.trimsalonannalies.nl\/index.php\/wp-json\/wp\/v2\/media?parent=506"}],"curies":[{"name":"wp","href":"https:\/\/api.w.org\/{rel}","templated":true}]}}